{"id":1742,"date":"2025-05-08T13:19:46","date_gmt":"2025-05-08T11:19:46","guid":{"rendered":"https:\/\/codelillo.com\/?post_type=product&#038;p=1742"},"modified":"2025-05-08T13:19:46","modified_gmt":"2025-05-08T11:19:46","slug":"sesiones-personalizadas","status":"publish","type":"product","link":"https:\/\/codelillo.com\/index.php\/product\/sesiones-personalizadas\/","title":{"rendered":"Sesiones personalizadas"},"content":{"rendered":"<p data-start=\"2357\" data-end=\"2376\"><strong data-start=\"2357\" data-end=\"2376\">\u00bfC\u00f3mo funciona?<\/strong><\/p>\n<p data-start=\"2357\" data-end=\"2376\">1.Reserv\u00e1s la sesi\u00f3n y me complet\u00e1s un formulario previo.<\/p>\n<p data-start=\"2439\" data-end=\"2480\">2. Nos reunimos por videollamada 60 minutos.<\/p>\n<p data-start=\"2439\" data-end=\"2480\">3. Recib\u00eds un resumen escrito con puntos clave + pasos para implementar.<\/p>\n<p data-start=\"2555\" data-end=\"2579\"><strong data-start=\"2555\" data-end=\"2579\">\u00bfPara qui\u00e9n es esto?<\/strong><\/p>\n<ul data-start=\"2580\" data-end=\"2794\">\n<li data-start=\"2580\" data-end=\"2651\">\n<p data-start=\"2582\" data-end=\"2651\">Para quienes necesitan ordenar su vida y no saben por d\u00f3nde arrancar.<\/p>\n<\/li>\n<li data-start=\"2580\" data-end=\"2651\">\n<p data-start=\"2582\" data-end=\"2651\">Para quienes ya probaron de todo y siguen sin ver resultados duraderos.<\/p>\n<\/li>\n<li data-start=\"2726\" data-end=\"2794\">\n<p data-start=\"2728\" data-end=\"2794\">Para quienes est\u00e1n listos para hacer cambios reales y sostenibles.<\/p>\n<\/li>\n<\/ul>\n","protected":false},"excerpt":{"rendered":"<p data-start=\"2077\" data-end=\"2355\">Vamos a trabajar en profundidad sobre tu situaci\u00f3n actual.<br data-start=\"2187\" data-end=\"2190\" \/>Podemos enfocarnos en tu salud, tus finanzas, tu rutina, tu energ\u00eda o todo junto.<br data-start=\"2271\" data-end=\"2274\" \/>La idea es que\u00a0<strong data-start=\"2289\" data-end=\"2341\">te lleves claridad, direcci\u00f3n y un plan realista<\/strong>\u00a0para avanzar.<\/p>\n","protected":false},"featured_media":1661,"comment_status":"open","ping_status":"closed","template":"","meta":[],"product_brand":[],"product_cat":[28],"product_tag":[],"class_list":{"0":"post-1742","1":"product","2":"type-product","3":"status-publish","4":"has-post-thumbnail","6":"product_cat-ebook","8":"first","9":"instock","10":"shipping-taxable","11":"purchasable","12":"product-type-variable"},"_links":{"self":[{"href":"https:\/\/codelillo.com\/index.php\/wp-json\/wp\/v2\/product\/1742","targetHints":{"allow":["GET"]}}],"collection":[{"href":"https:\/\/codelillo.com\/index.php\/wp-json\/wp\/v2\/product"}],"about":[{"href":"https:\/\/codelillo.com\/index.php\/wp-json\/wp\/v2\/types\/product"}],"replies":[{"embeddable":true,"href":"https:\/\/codelillo.com\/index.php\/wp-json\/wp\/v2\/comments?post=1742"}],"wp:featuredmedia":[{"embeddable":true,"href":"https:\/\/codelillo.com\/index.php\/wp-json\/wp\/v2\/media\/1661"}],"wp:attachment":[{"href":"https:\/\/codelillo.com\/index.php\/wp-json\/wp\/v2\/media?parent=1742"}],"wp:term":[{"taxonomy":"product_brand","embeddable":true,"href":"https:\/\/codelillo.com\/index.php\/wp-json\/wp\/v2\/product_brand?post=1742"},{"taxonomy":"product_cat","embeddable":true,"href":"https:\/\/codelillo.com\/index.php\/wp-json\/wp\/v2\/product_cat?post=1742"},{"taxonomy":"product_tag","embeddable":true,"href":"https:\/\/codelillo.com\/index.php\/wp-json\/wp\/v2\/product_tag?post=1742"}],"curies":[{"name":"wp","href":"https:\/\/api.w.org\/{rel}","templated":true}]}}