{"id":855,"date":"2025-04-14T16:41:25","date_gmt":"2025-04-14T14:41:25","guid":{"rendered":"https:\/\/codelillo.com\/?page_id=855"},"modified":"2025-05-08T13:21:50","modified_gmt":"2025-05-08T11:21:50","slug":"sesiones-personalizadas","status":"publish","type":"page","link":"https:\/\/codelillo.com\/index.php\/sesiones-personalizadas\/","title":{"rendered":"Sesiones personalizadas 1:1"},"content":{"rendered":"\t\t<div data-elementor-type=\"wp-page\" data-elementor-id=\"855\" class=\"elementor elementor-855\">\n\t\t\t\t\t\t<section class=\"elementor-section elementor-top-section elementor-element elementor-element-96c2ebc elementor-section-height-min-height elementor-section-boxed elementor-section-height-default elementor-section-items-middle\" data-id=\"96c2ebc\" data-element_type=\"section\" data-e-type=\"section\" data-settings=\"{&quot;background_background&quot;:&quot;classic&quot;}\">\n\t\t\t\t\t\t\t<div class=\"elementor-background-overlay\"><\/div>\n\t\t\t\t\t\t\t<div class=\"elementor-container elementor-column-gap-default\">\n\t\t\t\t\t<div class=\"aux-parallax-section elementor-column elementor-col-100 elementor-top-column elementor-element elementor-element-649c102\" data-id=\"649c102\" data-element_type=\"column\" data-e-type=\"column\">\n\t\t\t<div class=\"elementor-widget-wrap elementor-element-populated\">\n\t\t\t\t\t\t<div class=\"elementor-element elementor-element-0393881 elementor-widget elementor-widget-heading\" data-id=\"0393881\" data-element_type=\"widget\" data-e-type=\"widget\" data-widget_type=\"heading.default\">\n\t\t\t\t<div class=\"elementor-widget-container\">\n\t\t\t\t\t<h2 class=\"elementor-heading-title elementor-size-default\">\u00bfQuIEREs dar el siguiente paso?\n<\/h2>\t\t\t\t<\/div>\n\t\t\t\t<\/div>\n\t\t\t\t\t<\/div>\n\t\t<\/div>\n\t\t\t\t\t<\/div>\n\t\t<\/section>\n\t\t\t\t<section class=\"elementor-section elementor-top-section elementor-element elementor-element-42fc62f elementor-section-boxed elementor-section-height-default elementor-section-height-default\" data-id=\"42fc62f\" data-element_type=\"section\" data-e-type=\"section\">\n\t\t\t\t\t\t<div class=\"elementor-container elementor-column-gap-default\">\n\t\t\t\t\t<div class=\"aux-parallax-section elementor-column elementor-col-100 elementor-top-column elementor-element elementor-element-d90bbe9\" data-id=\"d90bbe9\" data-element_type=\"column\" data-e-type=\"column\">\n\t\t\t<div class=\"elementor-widget-wrap elementor-element-populated\">\n\t\t\t\t\t\t<div class=\"elementor-element elementor-element-669e738 elementor-widget elementor-widget-text-editor\" data-id=\"669e738\" data-element_type=\"widget\" data-e-type=\"widget\" data-widget_type=\"text-editor.default\">\n\t\t\t\t<div class=\"elementor-widget-container\">\n\t\t\t\t\t\t\t\t\t<p><em data-start=\"572\" data-end=\"642\"><br><\/em><\/p><p><em data-start=\"572\" data-end=\"642\">Si llegaste hasta ac\u00e1, es porque sab\u00e9s que necesit\u00e1s un cambio real.<\/em><br data-start=\"642\" data-end=\"645\">Y no hablo de cambiar tu vida de un d\u00eda para el otro.<\/p>\n<p>Hablo de <strong data-start=\"714\" data-end=\"787\">empezar un proceso con sentido, sin f\u00f3rmulas m\u00e1gicas, adaptado a vos.<\/strong><br data-start=\"787\" data-end=\"790\">Estos son los recursos que dise\u00f1\u00e9 para ayudarte a lograrlo.<\/p><p><br><\/p>\t\t\t\t\t\t\t\t<\/div>\n\t\t\t\t<\/div>\n\t\t\t\t\t<\/div>\n\t\t<\/div>\n\t\t\t\t\t<\/div>\n\t\t<\/section>\n\t\t\t\t<section class=\"elementor-section elementor-top-section elementor-element elementor-element-5557b5e elementor-section-boxed elementor-section-height-default elementor-section-height-default\" data-id=\"5557b5e\" data-element_type=\"section\" data-e-type=\"section\">\n\t\t\t\t\t\t<div class=\"elementor-container elementor-column-gap-default\">\n\t\t\t\t\t<div class=\"aux-parallax-section elementor-column elementor-col-50 elementor-top-column elementor-element elementor-element-0e0ab61\" data-id=\"0e0ab61\" data-element_type=\"column\" data-e-type=\"column\">\n\t\t\t<div class=\"elementor-widget-wrap elementor-element-populated\">\n\t\t\t\t\t\t<div class=\"elementor-element elementor-element-1a9a730 elementor-widget elementor-widget-heading\" data-id=\"1a9a730\" data-element_type=\"widget\" data-e-type=\"widget\" data-widget_type=\"heading.default\">\n\t\t\t\t<div class=\"elementor-widget-container\">\n\t\t\t\t\t<h2 class=\"elementor-heading-title elementor-size-default\">Acompa\u00f1amiento Personalizado\n<\/h2>\t\t\t\t<\/div>\n\t\t\t\t<\/div>\n\t\t\t\t<div class=\"elementor-element elementor-element-a8ad6fe elementor-widget elementor-widget-text-editor\" data-id=\"a8ad6fe\" data-element_type=\"widget\" data-e-type=\"widget\" data-widget_type=\"text-editor.default\">\n\t\t\t\t<div class=\"elementor-widget-container\">\n\t\t\t\t\t\t\t\t\t<p class=\"\" data-start=\"1997\" data-end=\"2075\"><em data-start=\"1997\" data-end=\"2075\">U<\/em><em data-start=\"1997\" data-end=\"2075\">na hora de enfoque total en vos, tus h\u00e1bitos, tus bloqueos y tus objetivos.<\/em><\/p><p class=\"\" data-start=\"1997\" data-end=\"2075\"><em data-start=\"1997\" data-end=\"2075\">\u00a0<\/em><\/p><p class=\"\" data-start=\"1997\" data-end=\"2075\"><em data-start=\"1997\" data-end=\"2075\">\u00bfQu\u00e9 es?\u00a0<\/em><\/p><p class=\"\" data-start=\"2077\" data-end=\"2355\">\u00a0<\/p>\t\t\t\t\t\t\t\t<\/div>\n\t\t\t\t<\/div>\n\t\t\t\t<div class=\"elementor-element elementor-element-44bdec8 elementor-widget__width-initial elementor-widget elementor-widget-text-editor\" data-id=\"44bdec8\" data-element_type=\"widget\" data-e-type=\"widget\" data-widget_type=\"text-editor.default\">\n\t\t\t\t<div class=\"elementor-widget-container\">\n\t\t\t\t\t\t\t\t\t<p data-start=\"2077\" data-end=\"2355\">Es una sesi\u00f3n privada conmigo, donde vamos a trabajar en profundidad sobre tu situaci\u00f3n actual.<br data-start=\"2187\" data-end=\"2190\" \/>Podemos enfocarnos en tu salud, tus finanzas, tu rutina, tu energ\u00eda o todo junto.<br data-start=\"2271\" data-end=\"2274\" \/>La idea es que <strong data-start=\"2289\" data-end=\"2341\">te lleves claridad, direcci\u00f3n y un plan realista<\/strong> para avanzar.<\/p><p data-start=\"2077\" data-end=\"2355\">\u00a0<\/p><p data-start=\"2357\" data-end=\"2376\"><strong data-start=\"2357\" data-end=\"2376\">\u00bfC\u00f3mo funciona?<\/strong><\/p><p data-start=\"2357\" data-end=\"2376\">1.Reserv\u00e1s la sesi\u00f3n y me complet\u00e1s un formulario previo.<\/p><p data-start=\"2439\" data-end=\"2480\">2. Nos reunimos por videollamada 60 minutos.<\/p><p data-start=\"2439\" data-end=\"2480\">3. Recib\u00eds un resumen escrito con puntos clave + pasos para implementar.\u00a0<\/p><p data-start=\"2439\" data-end=\"2480\">\u00a0<\/p><p data-start=\"2555\" data-end=\"2579\"><strong data-start=\"2555\" data-end=\"2579\">\u00bfPara qui\u00e9n es esto?<\/strong><\/p><ul data-start=\"2580\" data-end=\"2794\"><li data-start=\"2580\" data-end=\"2651\"><p data-start=\"2582\" data-end=\"2651\">Para quienes necesitan ordenar su vida y no saben por d\u00f3nde arrancar.<\/p><\/li><li data-start=\"2580\" data-end=\"2651\"><p data-start=\"2582\" data-end=\"2651\">Para quienes ya probaron de todo y siguen sin ver resultados duraderos.<\/p><\/li><li data-start=\"2726\" data-end=\"2794\"><p data-start=\"2728\" data-end=\"2794\">Para quienes est\u00e1n listos para hacer cambios reales y sostenibles.<\/p><\/li><\/ul><p data-start=\"2796\" data-end=\"2805\">\ud83c\udf81 Bonus:<\/p><ul data-start=\"2806\" data-end=\"2866\"><li data-start=\"2806\" data-end=\"2834\"><p data-start=\"2808\" data-end=\"2834\">PDF con plan personalizado<\/p><\/li><li data-start=\"2835\" data-end=\"2866\"><p data-start=\"2837\" data-end=\"2866\">Seguimiento opcional v\u00eda mail &#8211; whatsapp<\/p><\/li><\/ul><div>\u00a0<\/div><p data-start=\"2868\" data-end=\"2948\"><strong data-start=\"2868\" data-end=\"2893\">\ud83d\udcb0 Precio individual:<\/strong>\u00a0EUR \u20ac30<br data-start=\"2900\" data-end=\"2903\" \/><strong data-start=\"2903\" data-end=\"2927\">\ud83d\udce6 Pack x3 sesiones:<\/strong>\u00a0EUR \u20ac70\u00a0<\/p><p data-start=\"2868\" data-end=\"2948\">\u00a0<\/p><p data-start=\"1842\" data-end=\"1909\">\u00a0<\/p>\t\t\t\t\t\t\t\t<\/div>\n\t\t\t\t<\/div>\n\t\t\t\t<div class=\"elementor-element elementor-element-9ea557b elementor-align-center elementor-widget elementor-widget-button\" data-id=\"9ea557b\" data-element_type=\"widget\" data-e-type=\"widget\" data-widget_type=\"button.default\">\n\t\t\t\t<div class=\"elementor-widget-container\">\n\t\t\t\t\t\t\t\t\t<div class=\"elementor-button-wrapper\">\n\t\t\t\t\t<a class=\"elementor-button elementor-button-link elementor-size-sm\" href=\"https:\/\/codelillo.com\/index.php\/product\/sesiones-personalizadas\/\">\n\t\t\t\t\t\t<span class=\"elementor-button-content-wrapper\">\n\t\t\t\t\t\t\t\t\t<span class=\"elementor-button-text\">Adquirir sesi\u00f3n <\/span>\n\t\t\t\t\t<\/span>\n\t\t\t\t\t<\/a>\n\t\t\t\t<\/div>\n\t\t\t\t\t\t\t\t<\/div>\n\t\t\t\t<\/div>\n\t\t\t\t\t<\/div>\n\t\t<\/div>\n\t\t\t\t<div class=\"aux-parallax-section elementor-column elementor-col-50 elementor-top-column elementor-element elementor-element-f90fbf6\" data-id=\"f90fbf6\" data-element_type=\"column\" data-e-type=\"column\">\n\t\t\t<div class=\"elementor-widget-wrap elementor-element-populated\">\n\t\t\t\t\t\t<div class=\"elementor-element elementor-element-710011f elementor-widget elementor-widget-image\" data-id=\"710011f\" data-element_type=\"widget\" data-e-type=\"widget\" data-widget_type=\"image.default\">\n\t\t\t\t<div class=\"elementor-widget-container\">\n\t\t\t\t\t\t\t\t\t\t\t\t\t\t\t<img fetchpriority=\"high\" decoding=\"async\" width=\"1024\" height=\"683\" src=\"https:\/\/codelillo.com\/wp-content\/uploads\/2025\/05\/krakenimages-376KN_ISplE-unsplash-1-1024x683-1.jpg\" class=\"attachment-large size-large wp-image-1664\" alt=\"\" srcset=\"https:\/\/codelillo.com\/wp-content\/uploads\/2025\/05\/krakenimages-376KN_ISplE-unsplash-1-1024x683-1.jpg 1024w, https:\/\/codelillo.com\/wp-content\/uploads\/2025\/05\/krakenimages-376KN_ISplE-unsplash-1-1024x683-1-600x400.jpg 600w\" sizes=\"(max-width: 1024px) 100vw, 1024px\" \/>\t\t\t\t\t\t\t\t\t\t\t\t\t\t\t<\/div>\n\t\t\t\t<\/div>\n\t\t\t\t\t<\/div>\n\t\t<\/div>\n\t\t\t\t\t<\/div>\n\t\t<\/section>\n\t\t\t\t<\/div>\n\t\t","protected":false},"excerpt":{"rendered":"<p>\u00bfQuIEREs dar el siguiente paso? Si llegaste hasta ac\u00e1, es porque sab\u00e9s que necesit\u00e1s un cambio real.Y no hablo de cambiar tu vida de un d\u00eda para el otro. Hablo de empezar un proceso con sentido, sin f\u00f3rmulas m\u00e1gicas, adaptado a vos.Estos son los recursos que dise\u00f1\u00e9 para ayudarte a lograrlo. Acompa\u00f1amiento Personalizado Una hora [&hellip;]<\/p>\n","protected":false},"author":1,"featured_media":0,"parent":0,"menu_order":0,"comment_status":"closed","ping_status":"closed","template":"elementor_header_footer","meta":{"footnotes":""},"class_list":["post-855","page","type-page","status-publish","hentry"],"_links":{"self":[{"href":"https:\/\/codelillo.com\/index.php\/wp-json\/wp\/v2\/pages\/855","targetHints":{"allow":["GET"]}}],"collection":[{"href":"https:\/\/codelillo.com\/index.php\/wp-json\/wp\/v2\/pages"}],"about":[{"href":"https:\/\/codelillo.com\/index.php\/wp-json\/wp\/v2\/types\/page"}],"author":[{"embeddable":true,"href":"https:\/\/codelillo.com\/index.php\/wp-json\/wp\/v2\/users\/1"}],"replies":[{"embeddable":true,"href":"https:\/\/codelillo.com\/index.php\/wp-json\/wp\/v2\/comments?post=855"}],"version-history":[{"count":38,"href":"https:\/\/codelillo.com\/index.php\/wp-json\/wp\/v2\/pages\/855\/revisions"}],"predecessor-version":[{"id":1750,"href":"https:\/\/codelillo.com\/index.php\/wp-json\/wp\/v2\/pages\/855\/revisions\/1750"}],"wp:attachment":[{"href":"https:\/\/codelillo.com\/index.php\/wp-json\/wp\/v2\/media?parent=855"}],"curies":[{"name":"wp","href":"https:\/\/api.w.org\/{rel}","templated":true}]}}