{"id":1795,"date":"2025-05-12T22:49:46","date_gmt":"2025-05-12T20:49:46","guid":{"rendered":"https:\/\/codelillo.com\/?page_id=1795"},"modified":"2025-05-13T13:17:14","modified_gmt":"2025-05-13T11:17:14","slug":"privacy","status":"publish","type":"page","link":"https:\/\/codelillo.com\/index.php\/privacy\/","title":{"rendered":"PRIVACY"},"content":{"rendered":"\n<h2 class=\"wp-block-heading\"><strong>Pol\u00edtica de Privacidad<\/strong><\/h2>\n\n\n\n<h3 class=\"wp-block-heading\">Responsable del tratamiento<\/h3>\n\n\n\n<p>Ramiro De Lillo \u2013 [tu correo electr\u00f3nico]<br>Domicilio: [opcional]<br>Este sitio cumple con el Reglamento (UE) 2016\/679 (RGPD).<\/p>\n\n\n\n<h3 class=\"wp-block-heading\">Qu\u00e9 datos recopilamos<\/h3>\n\n\n\n<p>Al registrarte, realizar una compra o contactarnos, podemos recopilar datos como tu nombre, correo electr\u00f3nico y otros necesarios para prestar el servicio.<\/p>\n\n\n\n<h3 class=\"wp-block-heading\">Finalidad del tratamiento<\/h3>\n\n\n\n<p>Los datos se utilizan para:<\/p>\n\n\n\n<ul class=\"wp-block-list\">\n<li>Gestionar tu cuenta<\/li>\n\n\n\n<li>Prestar los servicios solicitados<\/li>\n\n\n\n<li>Enviar informaci\u00f3n relacionada con tus productos o intereses (si diste tu consentimiento)<\/li>\n<\/ul>\n\n\n\n<h3 class=\"wp-block-heading\">Tus derechos<\/h3>\n\n\n\n<p>Pod\u00e9s acceder, rectificar, limitar o eliminar tus datos escribiendo a [tu correo electr\u00f3nico].<br>Ten\u00e9s derecho a retirar tu consentimiento en cualquier momento.<\/p>\n\n\n\n<h3 class=\"wp-block-heading\">Seguridad<\/h3>\n\n\n\n<p>Tus datos ser\u00e1n tratados con confidencialidad y se aplicar\u00e1n medidas t\u00e9cnicas y organizativas para protegerlos.<\/p>\n","protected":false},"excerpt":{"rendered":"<p>Pol\u00edtica de Privacidad Responsable del tratamiento Ramiro De Lillo \u2013 [tu correo electr\u00f3nico]Domicilio: [opcional]Este sitio cumple con el Reglamento (UE) 2016\/679 (RGPD). Qu\u00e9 datos recopilamos Al registrarte, realizar una compra o contactarnos, podemos recopilar datos como tu nombre, correo electr\u00f3nico y otros necesarios para prestar el servicio. Finalidad del tratamiento Los datos se utilizan para: [&hellip;]<\/p>\n","protected":false},"author":1,"featured_media":0,"parent":0,"menu_order":0,"comment_status":"closed","ping_status":"closed","template":"","meta":{"footnotes":""},"class_list":["post-1795","page","type-page","status-publish","hentry"],"_links":{"self":[{"href":"https:\/\/codelillo.com\/index.php\/wp-json\/wp\/v2\/pages\/1795","targetHints":{"allow":["GET"]}}],"collection":[{"href":"https:\/\/codelillo.com\/index.php\/wp-json\/wp\/v2\/pages"}],"about":[{"href":"https:\/\/codelillo.com\/index.php\/wp-json\/wp\/v2\/types\/page"}],"author":[{"embeddable":true,"href":"https:\/\/codelillo.com\/index.php\/wp-json\/wp\/v2\/users\/1"}],"replies":[{"embeddable":true,"href":"https:\/\/codelillo.com\/index.php\/wp-json\/wp\/v2\/comments?post=1795"}],"version-history":[{"count":4,"href":"https:\/\/codelillo.com\/index.php\/wp-json\/wp\/v2\/pages\/1795\/revisions"}],"predecessor-version":[{"id":1838,"href":"https:\/\/codelillo.com\/index.php\/wp-json\/wp\/v2\/pages\/1795\/revisions\/1838"}],"wp:attachment":[{"href":"https:\/\/codelillo.com\/index.php\/wp-json\/wp\/v2\/media?parent=1795"}],"curies":[{"name":"wp","href":"https:\/\/api.w.org\/{rel}","templated":true}]}}